-u**3 + 3*u**2 + 3*u. List the prime factors of o(y).
2, 7
Suppose -5*i + 30 = 20. Suppose -i*f + 27 + 25 = 0. What are the prime factors of f?
2, 13
List the prime factors of 9655/45 + -1 - (-8)/18.
2, 107
Suppose -3*s = 2*u - 7*u + 5, 0 = u - s + 1. Let h = u - 16. Let g(f) = f**3 + 13*f**2 + 12*f + 9. What are the prime factors of g(h)?
3
List the prime factors of ((-121923)/342)/((-2)/24).
2, 3, 23, 31
Suppose 22*u = 28*u + 14970. What are the prime factors of u/(-9) + 2 - 4/18?
3, 31
Suppose 0 = 3*a + c - 50, a = 4*a - c - 58. Suppose 0*s + 5*s - 10 = -3*y, -a = -2*s - 4*y. Let i(j) = 24*j**2 - j. List the prime factors of i(s).
5
Suppose 24 = 8*i - 0. What are the prime factors of 190 + -4 + (2 - i)?
5, 37
Suppose -193 = 266*o - 267*o. What are the prime factors of o?
193
Let o(l) = 15*l + 179. List the prime factors of o(36).
719
Let d = 5 - 8. Let h be d/(34/10 - 4). Suppose -h*s + q + 264 = 0, -21 = -2*s - 4*q + 89. What are the prime factors of s?
53
Suppose -3*v = 3*x + 2*x - 3, 0 = x + 5*v + 17. Suppose -x*j + j = -3*i - 355, 530 = 3*j - 4*i. List the prime factors of j.
2, 5, 17
Let a = -227 - -488. Suppose a = -120*o + 123*o. List the prime factors of o.
3, 29
Let o(u) = -5*u + 5. Let m be o(-11). Suppose 2*y + 0*i + 38 = -2*i, -m = 5*y - 2*i. Let p = -4 - y. What are the prime factors of p?
2, 5
Let d = 857 + -527. Suppose 0*v + 5*v - d = 0. Suppose 3*t - 3*z = v, -2*t + 52 - 2 = z. What are the prime factors of t?
2, 3
Suppose -5 = -2*w + 1. Suppose -q - 3 = w*h, -5*q = -0*q + h - 27. List the prime factors of q.
2, 3
Suppose 3*h + 1006 = 4*u - 828, 0 = -4*u + 2*h + 1836. List the prime factors of u.
2, 5, 23
What are the prime factors of 5 + 6*(510/36)/17?
2, 5
Let v = -72 + 86. What are the prime factors of (v/(-3))/(17/(-102))?
2, 7
Let r(y) = y**3 + 34*y**2 - 32*y + 67. List the prime factors of r(-23).
2, 7, 11, 43
What are the prime factors of (2 + (-2)/3)*(-5784)/(-16)?
2, 241
Let p(i) = -i**3 + 13*i**2 - i + 5. Let q be p(13). Let k be 85*1*q/20. List the prime factors of (k/(-4))/(9/18).
17
Let n be (-4 + (-93)/(-21))*7. Suppose -8*v - 5*f = -4*v - 14, -5*v + n = -f. List the prime factors of (-4 + v - -4) + 46.
47
Suppose o + 44 = 3*w - 91, 2*w + 4*o = 90. Suppose -2*h - 50 = -3*m, 5*m + 4*h - w = 53. List the prime factors of m.
2, 3
Let x be ((-28)/(-35))/((-4)/(-10)). Suppose k + 3*m = -4*k + 11, 2*k + x*m - 2 = 0. What are the prime factors of k - (2 - 1) - -20?
23
Suppose -2*h = 17 - 41. Let j = 72 - h. List the prime factors of j.
2, 3, 5
Let b(r) = -4*r**3 + r**2 - 1. Let f be b(-1). Suppose 5*m - 431 = 3*o - 5*o, f*o + 356 = 4*m. List the prime factors of m.
3, 29
Let n = 260 + -137. Let t = n + -55. What are the prime factors of t?
2, 17
Suppose -2*b + 12 = 6. Suppose -5*c - 5*w + 103 - 8 = 0, w = b. What are the prime factors of c?
2
Let z be -6 + 3 + (-6 - -102). Let t = z + -29. What are the prime factors of t?
2
Let l(u) = -u**2 + u + 3. Let f(d) = -d**2 + 2*d + 2. Let k(r) = 5*f(r) - 6*l(r). What are the prime factors of k(7)?
3, 23
Suppose -3*i = 2 - 11. Suppose 4*v - 73 = -d, 5*v - 76 = 2*d - i*d. What are the prime factors of d?
61
Let b = -35 + 40. Suppose 3*j - 1 = 2*p - 250, -b*p + 5*j = -630. Suppose -5*t - p = -8*t. What are the prime factors of t?
43
Let v(a) = 17*a**3 - 2*a**2 - 3*a + 2. List the prime factors of v(3).
2, 7, 31
Suppose -2*y = -3*g - 3*y + 3372, -4*g = 2*y - 4496. What are the prime factors of g?
2, 281
Suppose -2 = -2*o + o. Let f(d) = -o*d - 4*d - d**3 + 6*d**2 + 2 + 5*d. What are the prime factors of f(5)?
2, 11
Let h = -379 - -1715. What are the prime factors of h?
2, 167
Suppose -5*v + 4 = -3*v. Suppose -v*q + 5*q = 180. Suppose 0 = -4*p - q + 328. List the prime factors of p.
67
Suppose 5*c + 7 = 22. Suppose -c*v = v - 88. List the prime factors of v.
2, 11
Suppose 4*y - 1124 = -5*f, -13 = 3*f - 1. List the prime factors of y.
2, 11, 13
Let t(m) = -83*m + 8. List the prime factors of t(-14).
2, 3, 5, 13
Let r(z) be the third derivative of z**5/60 - z**4/4 + z**3/3 + 21*z**2. List the prime factors of r(7).
3
Suppose -18*k = -10*k - 24. Suppose -119 = -k*c + 124. List the prime factors of c.
3
Let o(j) = -5*j + 15. Let c be 90/40*(-2)/(-3)*-16. List the prime factors of o(c).
3, 5
Suppose 0 = -2*h - 3*t + 19, 3*t - 8 = 2*h + 3. Suppose 1 = -h*c + 25. What are the prime factors of 442/c + (-6)/(-36)?
37
List the prime factors of 18/(23530/(-1963) - -12).
3, 151
Let w(j) = 226*j - 182. List the prime factors of w(6).
2, 587
Let u = 3 - -1. Suppose u*p - 13 = -1. Suppose -w = -p - 10. List the prime factors of w.
13
Let f(d) = -d**2 + 5*d + 6. Let l be f(-4). Let m(u) = 44*u - 1. Let t be m(-1). Let o = l - t. What are the prime factors of o?
3, 5
Suppose -z = -3*l + 2*l + 177, -z = -2. What are the prime factors of l?
179
Suppose -t - 33 = -3*t - 5*k, -2*k - 10 = -5*t. Suppose -9*r = -7*r - t. Suppose 0 = -a + 2*a - r. What are the prime factors of a?
2
Suppose 161724 = 38*x + 43468. What are the prime factors of x?
2, 389
What are the prime factors of 5/((-20011)/(-2858) - 7)?
2, 1429
Suppose 3*r = 5*k + 16, 0 = -r - 2*k - 2 - 0. Suppose -3*x = -3*w - 2*w - 144, 2*x = -r*w + 112. What are the prime factors of x?
53
Suppose 18*g = 15*g - 9. Let c(o) = -6*o + 5. Let r be c(g). Suppose 4*z - r = 5*k, z - 3 = 4*k - 0*k. List the prime factors of z.
7
Let z(r) = -r**2 - 8*r + 5. Let m be z(-5). Let h = 19 + m. What are the prime factors of h?
3, 13
Let h(x) = 2*x + 4. Let v be h(-3). Let j = v - -6. Suppose 5*g + j*m = m + 140, 5*g - 5*m = 140. List the prime factors of g.
2, 7
What are the prime factors of (3136/(-490))/(2/(-145))?
2, 29
List the prime factors of (-2)/(115060/19184 - (-6)/(-1)).
2, 109
Suppose -5*q = -5*z - 2*q + 4567, -3660 = -4*z - 4*q. List the prime factors of z.
2, 457
Let o(i) = i + 11. Let s be o(-5). Suppose 835 = s*n + 139. List the prime factors of n.
2, 29
Suppose -3865 = -5*u - 5*b, 4*u + 31*b = 29*b + 3094. What are the prime factors of u?
2, 3, 43
Let j be 7*(200/210 + (-4)/6). Suppose 0 = -j*r - 0 + 4. What are the prime factors of r?
2
Suppose 0 = -7*v - 25 - 3. Let g be 111/21 - v/(-14). Suppose 5*r + 172 = 3*t - 0*r, 5*r = g. What are the prime factors of t?
59
Let c(f) = -6*f + 12. Let m be c(-14). Suppose 0*p = 4*z - p - m, -p = -z + 27. Suppose h - 15 = z. List the prime factors of h.
2, 19
Suppose -4*o - 1977 = -t, 0*o + 2*o + 8 = 0. What are the prime factors of t?
37, 53
Let d(a) = 1 + 14*a**2 - 2*a**3 - 13*a**2 + 9*a - 5*a**2. List the prime factors of d(-5).
2, 53
Let u(t) = 25*t**3 - t + 1. Suppose -5*j + 98 = 2*j. Let q be j/12 - (-1)/(-6). What are the prime factors of u(q)?
5
Let f(l) = -24*l + 3. Let p be f(-3). Let z = -14 + 12. What are the prime factors of z*(p/(-6) + 3)?
19
Suppose 0 = 4*j - 3*q - 11, 4*j = -5*q - 4 + 7. Suppose 3*k = 4*k + 4, 10 = j*r + 4*k. List the prime factors of r.
13
Let h be -9*(-3)/9 - -7. Suppose -2*q = 1 - 11. Suppose -2*m = -n + 2*n - 8, q*m + h = 0. What are the prime factors of n?
2, 3
Let c(v) = v**2 - v - 1. Let y(s) = s**3 - 4*s**2 + 3*s - 94. Let g(h) = -3*c(h) - y(h). Let r be g(0). Let n = r - 66. List the prime factors of n.
31
Let l(u) = 3*u**2 - 5*u - 5. Let g(h) = h. Let m(z) = g(z) + l(z). What are the prime factors of m(-2)?
3, 5
Let i(s) = -246*s + 260. What are the prime factors of i(-10)?
2, 5, 17
Suppose 2*p - r + 33 + 96 = 0, 4 = 4*r. Let l = -50 - p. List the prime factors of l.
2, 7
Let m(l) = 4*l + 4. Let t be m(0). What are the prime factors of -1 + t + (-1920)/(-30)?
67
Suppose -7 + 10 = v. Suppose -r = -v*r - 10, 5*g + 40 = -5*r. Let c(y) = -y**3 - 3*y**2 - y + 1. List the prime factors of c(g).
2
Suppose 3*l = -9, -3*h + l + 4*l + 330 = 0. Let i = -56 + h. List the prime factors of i.
7
Let b be 217/3*(2 - -1). Let k = -151 + b. What are the prime factors of k?
2, 3, 11
Let w be 3 + 5/(-5) - -1292. Suppose 0 = 10*m - 506 - w. What are the prime factors of m?
2, 3, 5
Suppose 5*w + 1790 = 4*d, -3*d = d + w - 1802. What are the prime factors of d?
2, 3, 5
Suppose -4*g = -7*g, 2*g = 5*q - 3135. List the prime factors of q.
3, 11, 19
Let f(c) = -c**3 - 11*c**2 - c - 6. Let x be f(-11). Suppose -9 = x*n + 11. List the prime factors of 231/9 + n/6.
5
Let r(x) = -868*x + 60. W